ppose -4*r - 30 = -6*r. Let w(i) = i**2 - 13*i - 20. Suppose 10*o - 80 = 5*o. Calculate the remainder when o is divided by w(r).
6
Let t be 1/(-2)*0 + 14. Suppose 156 = p - u, 4*p = -4*u + 309 + 275. Suppose t*x - p = 73. Calculate the remainder when 30 is divided by x.
14
Let v(x) = 9*x**3 - 61*x**2 + 21*x - 19. What is the remainder when 1817 is divided by v(7)?
9
Let c be ((-1)/(-2))/((-8)/(-2880)*-6). Let t be (-9)/(-15) - (-426)/(-10). Let b = c - t. Calculate the remainder when 57 is divided by b.
9
What is the remainder when (-14 - 84)/14 + 235 is divided by 23?
21
Suppose 0 = -7*q + 4*q + 99. Let n = 182 + -276. Let t = n - -159. What is the remainder when t is divided by q?
32
Let k = 1 + 2. Suppose -4*i + 1 = k*a, -2*i = 4*a + a - 11. Let m(c) = -c**3 + 3*c**2 - c + 9. Calculate the remainder when m(a) is divided by 4.
2
Suppose -4*s = -3*s + 145. Let u(x) = x**3 + 8*x**2 - 16*x - 26. Calculate the remainder when 2*(-1 - s/2) is divided by u(-9).
32
Let a = 3005 - 2924. What is the remainder when a is divided by 53?
28
Let a = 34623 + -20832. What is the remainder when a/21 + (-4)/(-14) is divided by 66?
63
Let n be (-6)/(-4) + 1 - 53594/(-844). Suppose n*v - 1173 = 1203. Suppose -27 = 2*f - 235. Calculate the remainder when f is divided by v.
32
Let t(p) = p**3 + 6*p**2 - 8*p - 2. Let q be t(-6). Let h(m) = 2*m - 6. Let o be h(3). Suppose -r - 12 + q = o. What is the remainder when 67 is divided by r?
33
Calculate the remainder when 12 - (-7 + 27) - -955 is divided by 17.
12
Suppose -42*k + 273 = -189. Let m = -3 + 5. Suppose -m*h - 60 = -3*r, -2*r + h = -4*r + 33. Calculate the remainder when r is divided by k.
7
What is the remainder when 443 is divided by 10 - 0 - 176292/(-498)?
79
Suppose -355*o + 21322 = -48627 - 40101. Calculate the remainder when o is divided by 100.
10
Let b(d) = d**3 + 10*d**2 + 6*d + 2. Let v = -5383 - -5788. Calculate the remainder when v is divided by b(-9).
28
Suppose -49*y = -42*y - 560. Suppose 421*z - y = 417*z. Calculate the remainder when 374 is divided by z.
14
Suppose -5*d + 8 + 41 = 2*v, -8*v = -d - 91. Let o = -358 + 607. What is the remainder when o is divided by v?
9
Let n = -5229 - -5237. What is the remainder when 171 is divided by n?
3
Suppose -2*d = -173 - 65. Calculate the remainder when d is divided by (0 + ((-4 - -9) + -3 - 3))*-20.
19
Suppose -m = 4*u + 4*m - 17, 5*u - 5*m = 55. Calculate the remainder when (-87)/(-2)*(76 + -74) is divided by u.
7
Suppose -340 = 4*w - 2*f, 3*w + f + 297 = 32. Suppose 4*u + h = -u - 200, -3*h + 15 = 0. Let a = u - w. What is the remainder when a is divided by 12?
10
Let t = 118 - 48. Suppose -14*l = -t - 1834. Suppose -14*x = -6*x - l. What is the remainder when 33 is divided by x?
16
Suppose -261 = b + 2*i - 555, 2*b - 5*i - 543 = 0. What is the remainder when b is divided by 144?
140
What is the remainder when (-511)/(-2) + 117/90 + (-6)/(-30) is divided by 7?
5
Suppose -16962 = -24*r - 16578. Let k(b) = -11*b + 7. What is the remainder when k(-5) is divided by r?
14
Let v(h) = -42*h + 389. Let z = -87 - -134. What is the remainder when z is divided by v(9)?
3
Let q = 33 - 6. Let f(m) = 7*m + 222. Let u be f(-32). Calculate the remainder when 1/(16/(-808))*u is divided by q.
20
Suppose 0 = 11*l - 14*l + 60. What is the remainder when ((-8)/(-1) - 2)*l/15 is divided by 5?
3
Let o = -1742 + 1784. Suppose -4*p + 10 = -78. Calculate the remainder when o is divided by p.
20
Suppose 0 = -p - 4*w - 53, 4*w - 243 = 3*p - 84. Let s = p + 59. Suppose -2*x + 4*v + 22 = 2*v, 0 = 3*v + 6. What is the remainder when x is divided by s?
3
Let c be 250*19/(190/(-12)). Let r = c - -312. What is the remainder when 26 is divided by r?
2
Let y be (-5*4 - 3)/(1/12). Let f = -406 - y. Let h = -56 - f. Calculate the remainder when h is divided by 16.
10
Let q = 45 - 61. Let o = 35 + q. What is the remainder when 35 is divided by o?
16
Suppose -385*b = -468*b + 2324. Calculate the remainder when 397 is divided by b.
5
Suppose 0*f = -4*f + 88. Let l(n) = n + 29. Let t(c) = 2*c + 87. Let j(g) = 11*l(g) - 4*t(g). Calculate the remainder when j(f) is divided by 20.
17
Let n = -12684 - -12832. What is the remainder when 1922 is divided by n?
146
Suppose -2*a + u - 2*u = -12, 5*u = -4*a + 36. Suppose 1 = q - 6. Calculate the remainder when 16 - (a - (7 - 6)) is divided by q.
6
Let d(k) = 115*k**2 - 53*k - 48. Calculate the remainder when 2399 is divided by d(-1).
119
Suppose 0 = -4*s + t - 3*t - 50, 3*t = -2*s - 31. Let p = s - 10. Calculate the remainder when 21 is divided by 119/p - -6 - 40/(-6).
0
Let o = 45 + -24. Calculate the remainder when 2/(-4)*(-6 + 11 - 73) is divided by (o/(-14))/((-6)/40).
4
Let m(b) = -81*b - 99. Let h(k) = -80*k - 97. Let t(x) = 4*h(x) - 3*m(x). What is the remainder when t(-7) is divided by 30?
28
Let w(i) = 2*i**2 + 31*i - 48. Let x be w(-16). Let a(n) = 2*n**2 + 59*n - 113. Calculate the remainder when 703 is divided by a(x).
45
Let u be (-5 - -2)*4553/87. Let f = u + 210. Calculate the remainder when 163 is divided by f.
4
Let u(p) = 3*p**2 + p + 1. Let h be u(2). Let c(m) = 0*m**2 + 16*m**2 - h*m**2 + 8 - 25*m. What is the remainder when 22 is divided by c(25)?
6
Let a(o) = o**2 - 28*o - 468. What is the remainder when 655 is divided by a(43)?
124
Let v(o) = -14*o**3 - 2*o**2 - 3*o. Let h be v(-2). Let i = -104 + h. What is the remainder when i is divided by 5?
1
Let i = -82 + 94. Let y = 40 - i. Calculate the remainder when ((-48)/y)/(1/(-42)*1) is divided by 15.
12
Let f be (-13)/8 + (-60)/160. Calculate the remainder when 64 is divided by (-84)/7*-1*f/(-4).
4
Let d(u) = 2*u**2 - 13*u - 78. What is the remainder when 198 is divided by d(13)?
16
Let u be -2 + 5 + 1 - 3. Let w be 4 - (-3 + (u - 1)). Calculate the remainder when (w*(-16)/(-168))/(4/186) is divided by 6.
1
Let r(g) = -14 + 14*g - 36 - 53. Calculate the remainder when 86 is divided by r(10).
12
Suppose -5*r = -4*r + f - 18, 0 = 3*r + 5*f - 48. Let o be 36/r - (-8)/28 - -1. What is the remainder when 164 is divided by 34 + -9 + o + -4?
20
Let l(v) = -19 + 14 + 22*v + 6. Let k be l(1). Let g = -15 + k. Calculate the remainder when g is divided by 3.
2
Let g(h) = -h**2 - 11*h + 48. Let d be g(-15). Calculate the remainder when 164 is divided by (d/18)/((-272)/132 + 2).
10
Suppose 9482 = -16*x + 2490. Let q = -425 - x. Calculate the remainder when 23 is divided by q.
11
Calculate the remainder when 111 is divided by ((-76)/11)/(11/((-2904)/48)).
35
Let k be 2/6 + (-4964)/51. Let a = k - -120. Calculate the remainder when 108 is divided by a.
16
Suppose 60 = 2*d - 4*j, 4*d + 3*j = -2*j + 55. Suppose -3*o = 4*c + 757 - 2109, -o = -3*c + 1014. Calculate the remainder when c is divided by d.
18
Let i(d) = 279*d - 3648. Calculate the remainder when i(14) is divided by 56.
34
Suppose 326 = -20*q + 2026. Let w = q - -32. Calculate the remainder when w is divided by 43.
31
Suppose -i - 12 = 3*i - 4*q, 2*i + 5*q = -13. Let w be -3*13*(-2)/(i + 6). Suppose d = -28 + w. Calculate the remainder when 21 is divided by d.
10
Let j be (-95)/(-57)*(-576)/(-20). Suppose 0*l + 21 = l. What is the remainder when 40/j - (-446)/12 is divided by l?
17
Let c be (-4)/1 + (-37 - -41). Suppose c = -m + 213 - 205. Suppose 2*u - 30 = -4. Calculate the remainder when u is divided by m.
5
Let p(y) = -y**3 + 25*y**2 + 123*y + 95. What is the remainder when p(29) is divided by 296?
2
Suppose -7 = -k - 12. Let o be k/(-10) - 4302/(-12). Suppose 8*s - 257 - o = 0. What is the remainder when s is divided by 13?
12
Suppose -18*t + 70482 = -2548 - 25700. Calculate the remainder when t is divided by 93.
91
Suppose -3096*u + 3099*u - 5397 = 0. Calculate the remainder when u is divided by 17.
14
Suppose -64*m = 84*m - 8732. Calculate the remainder when m is divided by 2*12*(-4)/(-6).
11
Let l(u) = 8*u**2 - 4*u - 373. Calculate the remainder when 1189 is divided by l(9).
233
What is the remainder when 1630/((-16 - -6)/(-5)) is divided by 267?
14
Let a(k) = k**2 - 12*k + 40. Let n be a(4). Suppose n*y - 382 = -54. What is the remainder when 119 is divided by y?
37
Let i be 8/360*6 + 17/(-15). What is the remainder when 251 is divided by ((-2)/6)/((-2)/(-312)*i)?
43
Suppose -6*n + 476 + 7552 = 0. Suppose 16*b - 1510 = n. C